et x be k(-10). Let o(j) = -j**2 + 2*j + 2. Let u be o(x). Let t(w) = w**3 - 3*w**2 + 3*w. What is t(u)?
2
Let q(p) = 5*p**3 - 4*p**2 - 10*p + 1. Let u(m) = 4*m**3 - 4*m**2 - 9*m. Let s(z) = -3*q(z) + 4*u(z). Suppose -23 = -0*c - 3*c - 2*o, o = 2*c - 6. Give s(c).
-8
Let k(p) = p. Suppose 3*a + 13 = s, 5*a + 2 + 33 = 5*s. Let j(m) = -5*m. Let l(c) = -c + 1. Let r(i) = j(i) - 4*l(i). Let t be r(a). What is k(t)?
-1
Let s(w) = -w**2 - w + 8. Suppose -8 = -0*h + 4*h. Let v be (0 + 0)*(-1)/h. Calculate s(v).
8
Let q be 4/20*5/3. Let h(b) be the second derivative of 0 + b**2 + b - q*b**3. Give h(2).
-2
Let c(k) = -2*k**3 - 23*k**2 - 13*k - 21. Let r(l) = l**3 + 11*l**2 + 6*l + 10. Let u(x) = 6*c(x) + 13*r(x). Determine u(-4).
20
Let w(q) = -q**2 - 2*q. Let h = 13 + -7. Suppose h = -4*v + 2*f, 2*v + f - 3 = v. Let t = v + -2. Determine w(t).
0
Let b(a) = a**3 - 5*a**2 - a + 2. Let h be b(5). Let l(m) = -4*m**3 + 3*m**3 - 4*m**2 + m**2. Give l(h).
0
Let z(d) be the first derivative of -d**3/3 - d**2/2 - 2*d + 2. Let a be 8/6*-3 - -2. What is z(a)?
-4
Let z(l) be the first derivative of -2 - 4*l - 1/2*l**2. Give z(-6).
2
Let k be -5*((-2)/(-1))/2. Let s(x) = -2*x - 5. Determine s(k).
5
Let p = 7 - 12. Let h = -10 - p. Let g(i) = 1. Let a(c) = c + 14. Let k(r) = 2*a(r) - 22*g(r). Determine k(h).
-4
Let q(a) = -a + 1. Let s be (-56)/(-4)*5/10. What is q(s)?
-6
Let b(c) = -c**2 + 1. Let w(h) = 5*h**2 - 8*h - 2. Let y(q) = 4*b(q) + w(q). Calculate y(6).
-10
Let k(f) = -16*f**2 + 4*f. Let b(x) = 2*x**2 + 2*x. Let z(a) = -a**2 + a. Let q(l) = b(l) - 3*z(l). Let j(n) = 3*k(n) + 10*q(n). Give j(-2).
4
Let f(d) = -d**2 - 10. Let l(p) = p**2 + 9. Let w(n) = -4*f(n) - 3*l(n). Determine w(0).
13
Let g(x) = -2*x + 6. Let s(h) = h. Let o(m) = -g(m) - s(m). Determine o(0).
-6
Let a(w) = 7*w**2 - 6*w + 20 - w**3 - 9 - 15. What is a(6)?
-4
Let o(i) = -6*i**2 - 12*i + 4. Let c(x) = -5*x**2 - 12*x + 5. Let f(d) = 5*c(d) - 4*o(d). Determine f(-13).
-4
Suppose -3*h = 2*h - 15. Let m = -6 - -9. Let o(i) = 2*i + 4*i - h*i - m. Give o(3).
6
Let c(t) be the first derivative of -4/3*t**3 - 5*t - t**2 - 1/4*t**4 + 3. Let x = 10 - 14. What is c(x)?
3
Let l(y) = -y**3 + y**2 - 1. Let j(i) = i**2 + 15*i + 15. Let r be j(-14). What is l(r)?
-1
Let i(n) = -13*n + 4. Let z(w) = w - 1. Let m(x) = -i(x) - 3*z(x). Let u be -1 - (0/1 + -2). Give m(u).
9
Let d(g) = 4*g + 0*g**2 + 2*g**2 + g**3 + 1 + 4*g**2. Give d(-5).
6
Suppose 2*s + 5*x + 8 = 4*x, -4*x = s + 18. Let k(g) = -3*g**2 + 4*g - 3. Let y(n) = -2*n**2 + 3*n - 2. Let w(f) = 5*k(f) - 7*y(f). Determine w(s).
-3
Suppose 3*b - b = 3*t + 23, 2*t = 5*b - 30. Let v(g) = g + 5. Calculate v(t).
0
Let k(f) = 3*f**2 + 2*f + 2. Let c be 1/(1*1/(-2)). Give k(c).
10
Let v(s) = -4*s**2 + 8. Let a(d) = d**2 - 2. Let h(z) = 9*a(z) + 2*v(z). Give h(-2).
2
Let p(n) = 24*n + 22*n - 47*n - 6. Calculate p(-10).
4
Let c(g) = -g**2 - 6*g - 7. Let m = 54 - 24. Suppose 0 = d + 2*d + m. Let x be 4/(-2)*d/(-4). Determine c(x).
-2
Let t(w) = -w**3 + 8*w**2 - 8*w + 6. Suppose 0 = 2*j + j + 15, 0 = -3*f + 5*j + 46. Let y be t(f). Let k(b) = 10*b**2 + b + 1. What is k(y)?
10
Suppose 4*c - 2*p + 6 = -4, 3*p = c. Let f(g) = -2*g**3 - 2*g**2 + 2*g - 2. Let y be f(c). Let w be 8/y - (-10)/14. Let n(l) = -2*l. What is n(w)?
-2
Let d(a) = 4 - a - 1 - 4 + 0. Give d(1).
-2
Suppose -5*s = v - 23, 0 = s - 5*v - 0*v + 11. Suppose -s = -5*o + 4*o. Let b(d) = d**3 - 4*d**2 + d + 5. What is b(o)?
9
Let i(h) = -h**3 - h + 3. Suppose -2*q = 3*q. Suppose q = 7*x - 3*x. Let t = 0 - x. Give i(t).
3
Let t(s) be the first derivative of 5*s**3/3 - s - 1. What is t(-1)?
4
Let u(f) = 2*f**3 + f**2 - 2*f - 2. Suppose -5*x = 2*x + 14. What is u(x)?
-10
Let o(q) = -q**2 + 2*q + 5. Suppose -2*v = 5*g - 13, -4*v + 5*g = -2 - 9. Give o(v).
-3
Let l(q) = -4*q**2 - 8*q - 2. Let h(r) = 3*r**2 + 8*r + 3. Let s(m) = -3*h(m) - 2*l(m). Determine s(-5).
10
Suppose 0 = -6*z + 3*z + 9. Let n be 10/14 + 2/7. Let r(f) = -z*f - 3 - f**2 - n + 2. What is r(-3)?
-2
Suppose -2*a + b = -0*a - 4, -4*b + 20 = 4*a. Suppose a*m + 4 = -5. Let x = m + 8. Let k(n) = n**3 - 4*n**2 - 5*n - 2. Give k(x).
-2
Suppose 2*u - 8*u = -36. Suppose -3*h + 5*x = 2*h + 20, -h - u = x. Let q(v) = v**3 + 4*v**2 - 6*v + 4. What is q(h)?
9
Let k(j) be the third derivative of j**6/120 + j**5/30 + j**4/12 + 2*j**3/3 - 3*j**2 + 5. Let q be (2/(-4))/((-1)/(-6)). Calculate k(q).
-11
Suppose 2*n - 3 = 3. Suppose n*w - 9 = -0*w. Let m(x) = -3*x + 4. Give m(w).
-5
Suppose -7*v + 2*v = -25. Let w(h) = 0*h**3 - 2*h**3 - 5 - 6*h - v*h**2 - 4*h**3 + 5*h**3. What is w(-4)?
3
Suppose -44 = 4*w - 4*o, -4*w = o - 9 + 28. Let b(m) = -m**2 - 8*m - 7. What is b(w)?
5
Let z(o) = 20*o + 23. Let s(m) = -7*m - 8. Let k(j) = -11*s(j) - 4*z(j). Determine k(4).
-16
Let u(t) = -1 + 0 - 1 - t + 4 + 5*t**2 + t**3. Suppose 4*w + 0*w = -20. Calculate u(w).
7
Let g(c) = -3*c + 2*c + 0*c + c**2 + 11. Let y(k) = 3*k - 18. Let b be y(6). Calculate g(b).
11
Let i = 10 + -2. Suppose -i = 3*n - n. Let x(t) = -10*t + 40. Let c(m) = -4*m + 17. Let l(h) = -12*c(h) + 5*x(h). Determine l(n).
4
Let x(p) = 7*p + 1. Let m(y) = 2*y**2 - 14*y + 13. Let h be m(6). What is x(h)?
8
Let y(b) = -b**3 + 4*b**2 + 7*b - 4. Let c be (1 - 7)*10/(-12). Suppose -c*n + 22 = 4*u + 5, 5*n - 4*u - 33 = 0. Calculate y(n).
6
Let y(g) = 7*g**2 - 3*g + 3. Let o be ((-12)/15)/(2/(-5)). Let k be y(o). Suppose 2*a + 0*z - 4*z = 16, k = -5*z. Let j(d) = 2*d**2 + 2*d - 2. What is j(a)?
2
Let g(l) be the third derivative of -l**5/60 + l**4/4 + 5*l**3/3 - 2*l**2. Give g(7).
3
Let v(k) = -k**2 - 4*k + 2. Let p be v(-5). Let s = p - 1. Let n(m) = -m**3 - 5*m**2 - 2*m + 1. Determine n(s).
-7
Let j(c) = c**2 - 3*c - 2. Let y be 1*51/3 - 2. Suppose 2*h - y = -h. Determine j(h).
8
Let a(n) = 3*n**3 + 4*n - 1. Let u(j) = 7*j**3 + j**2 + 9*j - 3. Let c(w) = -9*a(w) + 4*u(w). Let x be (6 + 0)*2/(-3). What is c(x)?
-3
Let f = 17 + -14. Suppose 3*m - 32 = 5*c, -2*m + 2*c + 28 = f*m. Let b(g) = 4*g - 6. Determine b(m).
10
Let x(a) = -3*a**3 + 2*a**3 - a**3 + a + 1. Let p(d) = -2*d + 15. Let j be p(8). Calculate x(j).
2
Let i = 4 - 7. Let f be ((-2)/1)/(i/(-6)). Let a(b) = 5*b - b**3 + 5*b**2 - b**3 + 5 + 3*b**3. Calculate a(f).
1
Let j(q) = 4*q**3 + 4*q - 3*q**3 + 170*q**2 - 176*q**2 - 4. Give j(5).
-9
Let y(x) = -x + 4. Let t = 0 + -4. Let j(k) = k**3 + 5*k**2 + 2*k - 5. Let d be j(t). Determine y(d).
1
Let m(o) be the second derivative of o**3/2 - 3*o**2 + 2*o. Suppose -3*r = -0*r + 6. Let y(q) = -3*q + 5. Let u(c) = r*m(c) - 3*y(c). What is u(2)?
3
Let z(h) = h - 1. Suppose -9*b = -4*b. Determine z(b).
-1
Let b(i) be the second derivative of 5*i**3/6 + 3*i**2/2 - i + 36. What is b(-2)?
-7
Suppose -5*a - 9 = -4. Let o(l) be the second derivative of -5*l**4/6 + l**2/2 - 5*l. Give o(a).
-9
Let l(s) be the first derivative of s**3/3 - 2*s**2 - 4*s + 3. Let w = 1 + 5. What is l(w)?
8
Let i = -88 + 95. Let v(h) = h - 12. What is v(i)?
-5
Let t(k) = -3*k - 1. Let i be (-4)/10 + (-24)/(-10). Let z be ((-2 - -3) + i)*1. Suppose -5*p = 3*r - 1, -z*p = -4*r - 8*p + 3. Calculate t(r).
-7
Let c(x) = -x + 14. Let m(n) = 1. Let r(k) = -c(k) + 6*m(k). Calculate r(7).
-1
Let g(i) = -i**2 - i - 1. Let t(k) = -3*k**2 - 8*k - 7. Let d(v) = -2*g(v) + t(v). What is d(-6)?
-5
Let w(v) = 7*v - 7. Let l be w(-11). Let h be l/(-10) - (-6)/(-15). Let p = 8 - h. Let a(t) = t**2 - t + 7. Determine a(p).
7
Let u(d) = 10*d - 25. Let p(c) = 3*c - 8. Let o = 1 - -1. Let m(r) = o*u(r) - 7*p(r). Give m(0).
6
Let r = 5 - 6. Let l(g) = -g**3 + g**2 + g - 1. Let x(d) = -2*d**3 + 6*d**2 + 3*d - 8. Let a(p) = r*l(p) + x(p). Determine a(5).
3
Let w(a) = -3*a**2 + 15*a + 17. Let u(b) = 5*b**2 - 23*b - 26. Let m(o) = 5*u(o) + 8*w(o). Determine m(-4).
2
Suppose 9 = 3*u, 0 = 5*w + u - 2*u - 52. Let l = w - 5. Let d(z) = -z**3 + 7*z**2 - 7*z + 3. What is d(l)?
-3
Let i(q) = -21*q - 1 + 21*q + 2*q**2. Let t(s) = -s + 1. Let l be t(3). Let j = l + 1. Calculate i(j).
1
Let r(b) be the second derivative of b**5/20 + b**4/2 + 2*b**3/3 + b**2 - b. Suppose -2*c - 6 = 4. Determine r(c).
7
Suppose 22 = x + 4*n + 4, 8 = 2*n. Suppose 15 = -x*a + 7*a. Let c(d) = d**2 - 2*d**a + d**2 - d - 3*d**2. Give c(-1).
2
Let x(h) be the first derivative of 2*h**3/3 + h**2 - 3